{"id":18,"date":"2024-10-21T12:39:17","date_gmt":"2024-10-21T10:39:17","guid":{"rendered":"http:\/\/localhost:8888\/nois-thaimassage.de\/?page_id=18"},"modified":"2025-10-21T13:56:34","modified_gmt":"2025-10-21T13:56:34","slug":"gutscheine","status":"publish","type":"page","link":"https:\/\/www.nois-thaimassage-freising.com\/?page_id=18","title":{"rendered":"Gutscheine"},"content":{"rendered":"\t\t<div data-elementor-type=\"wp-post\" data-elementor-id=\"18\" class=\"elementor elementor-18\" data-elementor-post-type=\"page\">\n\t\t\t\t<div class=\"elementor-element elementor-element-138dc9dd e-con-full e-flex e-con e-parent\" data-id=\"138dc9dd\" data-element_type=\"container\" data-settings=\"{&quot;background_background&quot;:&quot;slideshow&quot;,&quot;background_slideshow_gallery&quot;:[{&quot;id&quot;:271,&quot;url&quot;:&quot;https:\\\/\\\/www.nois-thaimassage-freising.com\\\/wp-content\\\/uploads\\\/2025\\\/09\\\/getting-massage-calm-woman-with-fit-body-lying-covered-bed-equipped-cabinet-getting-her-back-massaged-loss-scaled-q1t5w5njko0yc0pwb633yzmiuk336mtiknpkewq5by.jpg&quot;},{&quot;id&quot;:270,&quot;url&quot;:&quot;https:\\\/\\\/www.nois-thaimassage-freising.com\\\/wp-content\\\/uploads\\\/2025\\\/09\\\/foot-reflexology-massage-less-scaled-q1t7hmibf0p25r8rqicywzk2bmtysfyq53l9oximwu.jpg&quot;},{&quot;id&quot;:255,&quot;url&quot;:&quot;https:\\\/\\\/www.nois-thaimassage-freising.com\\\/wp-content\\\/uploads\\\/2025\\\/09\\\/beautiful-young-woman-lying-massage-table-therapist-holding-oil-bottle-spa-less-scaled-q1t7ed0hoq87uhzfslklrb7g2gx32a0a0y1kpccuim.jpg&quot;}],&quot;background_slideshow_loop&quot;:&quot;yes&quot;,&quot;background_slideshow_slide_duration&quot;:5000,&quot;background_slideshow_slide_transition&quot;:&quot;fade&quot;,&quot;background_slideshow_transition_duration&quot;:500}\">\n\t\t\t\t<div class=\"elementor-element elementor-element-4be5550f elementor-widget elementor-widget-heading\" data-id=\"4be5550f\" data-element_type=\"widget\" data-widget_type=\"heading.default\">\n\t\t\t\t\t<h3 class=\"elementor-heading-title elementor-size-default\">Traditionelle Thai-Massage in Freising <\/h3>\t\t\t\t<\/div>\n\t\t\t\t<div class=\"elementor-element elementor-element-174585e3 elementor-widget elementor-widget-heading\" data-id=\"174585e3\" data-element_type=\"widget\" data-widget_type=\"heading.default\">\n\t\t\t\t\t<h1 class=\"elementor-heading-title elementor-size-default\">\nNoi\u00b4s Thaimassage\n<\/h1>\t\t\t\t<\/div>\n\t\t\t\t<div class=\"elementor-element elementor-element-3b64b625 elementor-widget elementor-widget-text-editor\" data-id=\"3b64b625\" data-element_type=\"widget\" data-widget_type=\"text-editor.default\">\n\t\t\t\t\t\t\t\t\t<p>Wir bieten klassische Thai-Massage an. Wir haben verschiedene Behandlungen f\u00fcr Sie zur Auswahl.<br \/>Rufen Sie uns unter 0176 637 610 83 an oder besuchen Sie uns Am Heiliggeistgasse 24 in Freising. Herzlich willkommen!<\/p>\t\t\t\t\t\t\t\t<\/div>\n\t\t\t\t<\/div>\n\t\t<div class=\"elementor-element elementor-element-20ab77a7 e-flex e-con-boxed e-con e-parent\" data-id=\"20ab77a7\" data-element_type=\"container\" data-settings=\"{&quot;background_background&quot;:&quot;classic&quot;}\">\n\t\t\t\t\t<div class=\"e-con-inner\">\n\t\t\t\t<div class=\"elementor-element elementor-element-2a329cac elementor-widget elementor-widget-spacer\" data-id=\"2a329cac\" data-element_type=\"widget\" data-widget_type=\"spacer.default\">\n\t\t\t\t\t\t\t<div class=\"elementor-spacer\">\n\t\t\t<div class=\"elementor-spacer-inner\"><\/div>\n\t\t<\/div>\n\t\t\t\t\t\t<\/div>\n\t\t\t\t<div class=\"elementor-element elementor-element-602b635a elementor-widget elementor-widget-heading\" data-id=\"602b635a\" data-element_type=\"widget\" data-widget_type=\"heading.default\">\n\t\t\t\t\t<h2 class=\"elementor-heading-title elementor-size-default\">Gutscheine<\/h2>\t\t\t\t<\/div>\n\t\t\t\t<div class=\"elementor-element elementor-element-76881022 elementor-widget elementor-widget-text-editor\" data-id=\"76881022\" data-element_type=\"widget\" data-widget_type=\"text-editor.default\">\n\t\t\t\t\t\t\t\t\t<p>Verschenke ein unvergessliches Erlebnis<br \/>Erleben Sie Thai-Massage wie sie sein soll mit kompetenten Mitarbeitern, die sich auskennen und mit langj\u00e4hriger Erfahrung in der Branche. Vielleicht brauchen Sie oder jemand, den Sie kennen, Hilfe bei der Behandlung von Schmerzen oder Stress.Wof\u00fcr Sie sich entscheiden? W\u00e4hlen Sie aus unseren umfangreiche Angebot. So k\u00f6nnen wir garantieren, dass es ein sehr gesch\u00e4tztes Geschenk wird.<\/p>\t\t\t\t\t\t\t\t<\/div>\n\t\t\t\t<div class=\"elementor-element elementor-element-4c5fe8c8 elementor-widget elementor-widget-image\" data-id=\"4c5fe8c8\" data-element_type=\"widget\" data-widget_type=\"image.default\">\n\t\t\t\t\t\t\t\t\t\t\t\t\t\t\t<img decoding=\"async\" width=\"300\" height=\"150\" src=\"https:\/\/www.nois-thaimassage-freising.com\/wp-content\/uploads\/2025\/10\/frangipani-flower-isolated-white-background-minmin-300x150-1.png\" class=\"attachment-full size-full wp-image-523\" alt=\"\" \/>\t\t\t\t\t\t\t\t\t\t\t\t\t\t\t<\/div>\n\t\t\t\t<div class=\"elementor-element elementor-element-11c969cd elementor-widget elementor-widget-heading\" data-id=\"11c969cd\" data-element_type=\"widget\" data-widget_type=\"heading.default\">\n\t\t\t\t\t<h2 class=\"elementor-heading-title elementor-size-default\">Keine Erotische Massage\n<\/h2>\t\t\t\t<\/div>\n\t\t\t\t<div class=\"elementor-element elementor-element-e347a95 elementor-widget elementor-widget-spacer\" data-id=\"e347a95\" data-element_type=\"widget\" data-widget_type=\"spacer.default\">\n\t\t\t\t\t\t\t<div class=\"elementor-spacer\">\n\t\t\t<div class=\"elementor-spacer-inner\"><\/div>\n\t\t<\/div>\n\t\t\t\t\t\t<\/div>\n\t\t\t\t\t<\/div>\n\t\t\t\t<\/div>\n\t\t<div class=\"elementor-element elementor-element-1180a50c e-flex e-con-boxed e-con e-parent\" data-id=\"1180a50c\" data-element_type=\"container\" data-settings=\"{&quot;background_background&quot;:&quot;classic&quot;}\">\n\t\t\t\t\t<div class=\"e-con-inner\">\n\t\t\t\t<div class=\"elementor-element elementor-element-5bbd5584 elementor-widget elementor-widget-heading\" data-id=\"5bbd5584\" data-element_type=\"widget\" data-widget_type=\"heading.default\">\n\t\t\t\t\t<h2 class=\"elementor-heading-title elementor-size-default\">Willkommen bei uns, wir k\u00fcmmern uns um Sie<\/h2>\t\t\t\t<\/div>\n\t\t\t\t<div class=\"elementor-element elementor-element-7d8f5b59 elementor-widget elementor-widget-text-editor\" data-id=\"7d8f5b59\" data-element_type=\"widget\" data-widget_type=\"text-editor.default\">\n\t\t\t\t\t\t\t\t\t<p>G\u00f6nnen Sie sich einen entspannenden Moment bei einer klassischen Massage. Lassen Sie uns eine Weile auf Sie aufpassen. Wir bieten Behandlungen von Kopf bis Fu\u00df.<\/p>\t\t\t\t\t\t\t\t<\/div>\n\t\t\t\t\t<\/div>\n\t\t\t\t<\/div>\n\t\t\t\t<\/div>\n\t\t","protected":false},"excerpt":{"rendered":"<p>Traditionelle Thai-Massage in Freising Noi\u00b4s Thaimassage Wir bieten klassische Thai-Massage an. Wir haben verschiedene Behandlungen f\u00fcr Sie zur Auswahl.Rufen Sie uns unter 0176 637 610 83 an oder besuchen Sie uns Am Heiliggeistgasse 24 in Freising. Herzlich willkommen! Gutscheine Verschenke ein unvergessliches ErlebnisErleben Sie Thai-Massage wie sie sein soll mit kompetenten Mitarbeitern, die sich auskennen [&hellip;]<\/p>\n","protected":false},"author":1,"featured_media":0,"parent":0,"menu_order":30,"comment_status":"closed","ping_status":"closed","template":"","meta":{"footnotes":""},"class_list":["post-18","page","type-page","status-publish","hentry"],"_links":{"self":[{"href":"https:\/\/www.nois-thaimassage-freising.com\/index.php?rest_route=\/wp\/v2\/pages\/18","targetHints":{"allow":["GET"]}}],"collection":[{"href":"https:\/\/www.nois-thaimassage-freising.com\/index.php?rest_route=\/wp\/v2\/pages"}],"about":[{"href":"https:\/\/www.nois-thaimassage-freising.com\/index.php?rest_route=\/wp\/v2\/types\/page"}],"author":[{"embeddable":true,"href":"https:\/\/www.nois-thaimassage-freising.com\/index.php?rest_route=\/wp\/v2\/users\/1"}],"replies":[{"embeddable":true,"href":"https:\/\/www.nois-thaimassage-freising.com\/index.php?rest_route=%2Fwp%2Fv2%2Fcomments&post=18"}],"version-history":[{"count":12,"href":"https:\/\/www.nois-thaimassage-freising.com\/index.php?rest_route=\/wp\/v2\/pages\/18\/revisions"}],"predecessor-version":[{"id":532,"href":"https:\/\/www.nois-thaimassage-freising.com\/index.php?rest_route=\/wp\/v2\/pages\/18\/revisions\/532"}],"wp:attachment":[{"href":"https:\/\/www.nois-thaimassage-freising.com\/index.php?rest_route=%2Fwp%2Fv2%2Fmedia&parent=18"}],"curies":[{"name":"wp","href":"https:\/\/api.w.org\/{rel}","templated":true}]}}